) in base 12?
2140235
2c991 (base 13) to base 3
11022202210
Convert -12043413 (base 5) to base 6.
-2224102
Convert 3033111031 (base 4) to base 11.
530047
-100010010100111111001 (base 2) to base 8
-4224771
What is -33012012110 (base 4) in base 6?
-220452032
d8d3 (base 16) to base 2
1101100011010011
What is -11521631 (base 7) in base 15?
-1555c8
What is -468ad (base 15) in base 11?
-143915
What is -80550 (base 10) in base 4?
-103222212
What is -243304445 (base 6) in base 4?
-101231213231
What is -1cb07c2 (base 13) in base 12?
-326a379
Convert -14013101 (base 6) to base 12.
-1a7191
2102133111 (base 4) to base 8
2223725
Convert -5754d (base 15) to base 16.
-43dbc
What is 3044440 (base 5) in base 14?
14311
-10a1e6 (base 16) to base 10
-1090022
ba6f10 (base 16) to base 2
101110100110111100010000
Convert -bb156 (base 14) to base 7.
-3564536
Convert 454133 (base 6) to base 7.
220155
e41451 (base 15) to base 14
1621a61
What is 323152 (base 12) in base 7?
6512666
-13210043 (base 5) to base 14
-360d4
What is -1330103300 (base 4) in base 9?
-855402
Convert 1a4b55 (base 15) to base 5.
312003210
What is -120132243 (base 5) in base 16?
-86d06
Convert 3065641 (base 7) to base 16.
5a2ef
21c9620 (base 13) to base 10
10388456
What is -417220 (base 9) in base 11?
-15a3a1
Convert 20232350 (base 6) to base 7.
4633422
Convert -120403234 (base 6) to base 10.
-2271334
What is -34547 (base 13) in base 4?
-113102033
What is a4a27 (base 11) in base 6?
3140113
What is -11d320 (base 16) in base 7?
-12633500
Convert -90112 (base 16) to base 13.
-178792
Convert 76334 (base 9) to base 16.
c58f
Convert 33451 (base 11) to base 12.
24060
-a1bc5 (base 16) to base 4
-2201233011
What is 4231324 (base 5) in base 2?
10001010010110111
Convert 186cd7 (base 16) to base 13.
44079b
-4998662 (base 12) to base 8
-66677252
-4261143 (base 10) to base 3
-22000111012010
What is 1033324 (base 5) in base 15?
54c9
What is d3545 (base 14) in base 6?
14523001
-34244133 (base 6) to base 7
-11623440
-27107 (base 13) to base 12
-36085
Convert 111044 (base 7) to base 11.
13793
Convert 8b9995 (base 13) to base 9.
6187786
-133443 (base 5) to base 7
-22013
-409 (base 15) to base 11
-757
What is 39682 (base 13) in base 6?
2141224
-101212112122 (base 3) to base 11
-136859
10032023030 (base 4) to base 14
20b416
What is 73812 (base 9) in base 6?
1013445
Convert -26803a0 (base 12) to base 6.
-431322320
Convert -283761 (base 12) to base 7.
-5456551
-e7d5b (base 16) to base 5
-220341340
What is -493353 (base 11) in base 16?
-be863
What is 24a6a7 (base 13) in base 11?
551136
11010111101011110110 (base 2) to base 4
3113223312
Convert -7bf6b1 (base 16) to base 11.
-4649819
Convert 4a6410 (base 11) to base 3.
1111121011010
Convert 354a70 (base 11) to base 4.
2021130121
What is -10010101110110010010 (base 2) in base 8?
-2256622
-7621 (base 15) to base 7
-132622
Convert -2562d3 (base 14) to base 3.
-2102021101001
-1010110110011011010 (base 2) to base 7
-3010402
What is 15140214 (base 6) in base 12?
21466a
Convert -5b5da9 (base 14) to base 13.
-856a71
-85790 (base 11) to base 13
-44a07
Convert 2021122211210 (base 3) to base 8.
4502347
-e80179 (base 16) to base 5
-12343022404
What is -10626265 (base 7) in base 10?
-931390
33654322 (base 9) to base 7
255555362
What is 1246212 (base 8) in base 13?
c20b5
-10c39 (base 14) to base 7
-230002
-20221112002 (base 3) to base 6
-2532515
Convert -201112201122 (base 3) to base 8.
-1357311
What is -12b0659 (base 12) in base 7?
-43362063
225a5 (base 16) to base 15
2ba59
200010123 (base 5) to base 13
214b92
What is 2ac8a (base 16) in base 13?
619c2
What is 773868 (base 10) in base 15?
104463
238920 (base 12) to base 13
171960
-9ae29 (base 16) to base 7
-5251406
-161a098 (base 12) to base 9
-8444268
Convert 2a45179 (base 11) to base 15.
6d15c3
2103313203 (base 4) to base 15
be6cc
What is -2020220102201 (base 3) in base 7?
-13122010
Convert -238534 (base 11) to base 3.
-201011120122
8aa873 (base 12) to base 13
5c7b79
b81272 (base 13) to base 15
5a3944
141420140 (base 5) to base 3
1101012212022
-121120101020 (base 3) to base 13
-b55a8
-57b02 (base 16) to base 10
-359170
What is -a66a39 (base 13) in base 11?
-22235a2
What is 6a58a (base 14) in base 16?
3f3de
What is -185a52 (base 11) in base 9?
-475410
Convert -286405 (base 14) to base 13.
-3a044c
What is 10120012211020 (base 3) in base 5?
441100223
What is -9a792 (base 11) in base 16?
-23a6b
Convert 320169 (base 10) to base 2.
1001110001010101001
2524411 (base 8) to base 13
1b5cc0
Convert -10211003110 (base 4) to base 12.
-49a784
-4739515 (base 11) to base 15
-ad5619
Convert 2231123002 (base 5) to base 7.
60002620
-5319d (base 15) to base 2
-1000000010111000111
19f76 (base 16) to base 7
622040
1023 (base 4) to base 11
69
What is 53040 (base 12) in base 14?
2b996
What is -1438040 (base 10) in base 13?
-3b4716
What is -10644 (base 8) in base 12?
-2744
Convert -6021326 (base 7) to base 12.
-2a36b2
-12040020004 (base 5) to base 4
-311112131131
-12bb5a (base 15) to base 7
-10436545
-2120220101 (base 3) to base 12
-255a7
Convert -16751252 (base 8) to base 15.
-5269a4
What is 3534a (base 13) in base 9?
157341
Convert 1043551101 (base 6) to base 11.
6475261
What is 5775486 (base 9) in base 11?
1841549
-241003104 (base 5) to base 15
-16dc54
-195b99 (base 12) to base 9
-748460
Convert -270062 (base 11) to base 3.
-210120112001
122100100011200 (base 3) to base 10
9218331
-b3005 (base 15) to base 16
-8a6dd
What is -420316 (base 9) in base 12?
-100520
699952 (base 10) to base 14
143128
-43dc0 (base 14) to base 2
-101000001100000100
Convert 2225043 (base 12) to base 6.
351424123
-43652 (base 7) to base 6
-122432
What is 32357 (base 8) in base 13?
6225
Convert -1403010 (base 6) to base 10.
-78414
-1110302140 (base 5) to base 2
-1001010001101000111001
What is -134548 (base 11) in base 12?
-a20b7
What is 2207076 (base 11) in base 9?
7254877
-1011001100000000 (base 2) to base 3
-2022212012
Convert -7172c (base 14) to base 2.
-1000010101010101100
What is -3018310 (base 10) in base 5?
-1233041220
What is -51335352 (base 6) in base 3?
-2202221000012
Convert -315752 (base 10) to base 9.
-531115
-6a398b (base 15) to base 8
-23267535
1bc3d0 (base 15) to base 11
848000
What is 232120121 (base 4) in base 11?
11a807
4be91 (base 15) to base 8
732337
-53230 (base 11) to base 14
-2033b
Convert -2212120210021 (base 3) to base 8.
-5646474
Convert 4421707 (base 10) to base 2.
10000110111100001001011
Convert 2a8787 (base 14) to base 11.
923430
What is 124635054 (base 7) in base 3?
120001001100110
What is -1010112122021 (base 3) in base 16?
-92c4a
12a02 (base 14) to base 4
23030222
What is -3c25 (base 16) in base 13?
-7015
Convert 510051 (base 9) to base 10.
301852
What is -100101011111101001000 (base 2) in base 11?
-76a094
What is -53332 (base 12) in base 13?
-3a9c4
Convert 24516 (base 12) to base 8.
137742
What is 6154225 (base 9) in base 2?
1100100001101010010001
-1b816 (base 16) to base 7
-646314
What is -7355ba (base 12) in base 6?
-102511554
Convert 3103120 (base 4) to base 10.
13528
132032223120 (base 4) to base 13
1845c24
24413a (base 11) to base 4
1132101222
-4706143 (base 8) to base 15
-1a48d3
What is -11011032 (base 6) in base 9?
-550082
What is 31522154 (base 6) in base 15?
13515d
Convert -2cc23 (base 14) to base 16.
-1b60f
467090 (base 10) to base 11
299a28
What is 8a67a8 (base 11) in base 7?
15162145
Convert 15406610 (base 7) to base 4.
11221222133
What is 13002414 (base 5) in base 10?
125359
100001011111111011 (base 2) to base 8
413773
What is -4123011 (base 6) in base 2?
-110000010000001111
Convert -100000000000111110110 (base 2) to base 5.
-232032303
Convert 1053432 (base 15) to base 11.
6640493
Convert 92637 (base 11) to base 14.
373ad
What is -264357 (base 16) in base 10?
-2507607
What is 1215983 (base 10) in base 5?
302402413
What is 10436060 (base 8) in base 4?
20203300300
Convert 20e40d (base 15) to base 14.
2cb065
616015 (base 12) to base 4
11310012101
Convert -3103101 (base 4) to base 11.
-a182
-ac0a1 (base 13) to base 15
-62720
-70001 (base 9) to base 11
-31563
Convert -110212200121100 (base 3) to base 2.
-11010000110110010101100
-20b60 (base 14) to base 5
-10012242
15112044 (base 6) to base 16
7f9fc
57d7b2 (base 15) to base 8
20005003
Convert 